d by (-24)/(-15) - v/10.
1
Let l = 36 + -28. Calculate the remainder when l is divided by 3.
2
Suppose 5*i = -w - 2*w + 6, 0 = i + w. Suppose 20 = -h - i*h, 5*h + 16 = -a. Calculate the remainder when 24 is divided by a.
6
Let l(r) be the second derivative of -r**5/20 - 5*r**4/6 - 11*r**3/6 - 3*r**2 + 2*r. What is the remainder when 45 is divided by l(-9)?
9
Suppose 0 = 2*z - 112 - 46. What is the remainder when z is divided by 9?
7
Let y = -58 - -135. Calculate the remainder when y is divided by 16.
13
Suppose 3*z + 48 = 6*z. Let s(f) = 7*f**2 + 4*f + f**3 + 2 - 6*f + f. Calculate the remainder when z is divided by s(-7).
7
Let r = -5 + 4. Calculate the remainder when r - (18/(-3) - 3) is divided by (0 - (-2)/(-6))*-15.
3
Let p = 79 + -57. Let i = -56 - -141. Calculate the remainder when i is divided by p.
19
Suppose 1 - 43 = -3*n. Suppose -4*o + 3*z - 33 = 6, 0 = o - 5*z + n. Let x = 19 + o. What is the remainder when x is divided by 6?
4
Suppose -2*q + 4*k - 6 = -70, q - k - 29 = 0. What is the remainder when 100 is divided by q?
22
Let g(q) = -q**2 - 10*q - 6. Let x be g(-7). Suppose b + 2*j - 25 = j, 4*j = b - x. What is the remainder when b is divided by 8?
7
Let i(t) = t**3 + 7*t**2 + 10*t + 33. What is the remainder when 41 is divided by i(-6)?
5
Let a(r) = -3*r - 3. Let z be a(-2). Suppose -13 = -z*s + 2. What is the remainder when s is divided by (-1)/(-6) + (-11)/(-6)?
1
Suppose 2*y - 5*u + 33 - 12 = 0, -2*y - 19 = -3*u. Let t = 17 + y. Calculate the remainder when 26 is divided by t.
8
Let y(a) = -2*a + 28. Calculate the remainder when y(-12) is divided by 18.
16
Let t(r) = -r - 7. Let s be t(-8). Let j(c) = 13*c**3 - c. Calculate the remainder when 34 is divided by j(s).
10
Let h be (54/(-8))/(-3)*-4. Let z = 6 - 3. Calculate the remainder when 104/z + (-3)/h is divided by 12.
11
Suppose 2*m - 7*m = 0, -3*m + 45 = -5*v. Let h = v - -26. Calculate the remainder when h is divided by (-9)/((0 - -1)*-1).
8
Let a = 79 - 49. What is the remainder when a is divided by 2/3 - 92/(-6)?
14
Let t(g) = g**3 - 4*g**2 - 3*g - 2. Let a be t(5). What is the remainder when 858/24 - (-2)/a is divided by 19?
17
Let k = 11 + -4. Suppose -2*d + 32 = 4*m, 2*d - 2 = 5*m - 15. Let f = 7 + d. What is the remainder when f is divided by k?
6
Suppose 0 = -5*z - k + 38, -4*k + 28 = 3*z - 5. Calculate the remainder when 17 is divided by z.
3
Suppose 83 + 21 = 2*w. What is the remainder when w is divided by 18?
16
Let i be (4/(-10))/(4/(-20)). Let m be i/1 + 2*-3. Calculate the remainder when (-178)/(-8) - (-1)/m is divided by 12.
10
Suppose 3*l = 3*d - 330, 574 = 5*d - l + 12. Suppose 4*p + 1 = d. What is the remainder when (2/(-7))/((-4)/p) is divided by 1?
0
Let o(i) = i**3 - 8*i**2 - 4*i - 1. Suppose -3*s + 7 = -17. Let t be o(s). What is the remainder when 2/(-6)*(0 + t) is divided by 4?
3
Let v = -28 - -28. Suppose v = 3*j - 12 - 9. What is the remainder when 34 is divided by j?
6
Let r = -1 - -2. Let i be (r + (-33)/(-6))*10. Let u = -39 + i. Calculate the remainder when u is divided by 9.
8
Suppose 5*o = -283 - 82. Let w = o - -105. Calculate the remainder when 62 is divided by w.
30
Let p = -21 - -42. What is the remainder when p is divided by 15?
6
Let u be 93/15 - 1/5. What is the remainder when (-69)/2*(-4)/u is divided by 8?
7
Let s(g) = g**3 - 11*g**2 - 11*g - 6. Calculate the remainder when 17 is divided by s(12).
5
Suppose 5*b - 30 = -2*j, 4*j + 0*j = b + 16. What is the remainder when 4/10*(31 - 1) is divided by j?
2
Let u(f) = f**2 - 5*f + 6. Let z be u(4). Suppose 16 = -a + z*a. What is the remainder when 62 is divided by a?
14
Suppose g + 66 = 3*g + 3*u, 5*u - 170 = -5*g. Let h = g + -24. What is the remainder when 57 is divided by h?
9
Suppose -1 = r - 2*r. Let y = r - -13. What is the remainder when 26 is divided by y?
12
Suppose 4*j = 18 - 6. Suppose 0 = -j*z + 29 + 88. Calculate the remainder when z is divided by ((-9)/6)/((-6)/80).
19
Suppose -6 = 2*j - 5*j. Suppose 0*w - j*w + 338 = 0. Suppose 0*o - 3*v = 3*o - 99, 5*o = -4*v + w. Calculate the remainder when o is divided by 13.
11
Let v be ((-6)/(-2))/(4/156). Suppose v = k + 2*k. What is the remainder when k is divided by 14?
11
Let r = 38 - -31. Let a be (r/3)/(1/(-2)). Let v = a + 77. Calculate the remainder when v is divided by 11.
9
What is the remainder when (88/(-12))/(4/(-54)) is divided by 20?
19
Suppose u + 3*o = -3*u + 159, 5*u = -o + 185. Suppose -5*q = -2*q + j - u, 3*q = 4*j + 21. Calculate the remainder when 42 is divided by q.
9
Suppose -25*o = -1558 + 433. Let d(h) = 4*h. Calculate the remainder when o is divided by d(4).
13
Let z(f) = 3*f**2 - 2*f - 3. Calculate the remainder when z(-2) is divided by 7.
6
What is the remainder when 41 - 4*(-3 + 11/4) is divided by 16?
10
Suppose -2*c = -0*s + 4*s - 14, -c + 7 = 5*s. Suppose -2*v = 2*a - 8, 2*v - 2*a - 3*a = 8. Calculate the remainder when c is divided by v.
3
Suppose 28*k - 31*k = -81. What is the remainder when k is divided by 2?
1
Let y = 2 - 3. Let i = 2 + y. What is the remainder when 2 is divided by i?
0
Let i = -129 - -137. What is the remainder when 78 is divided by i?
6
Suppose 0 = 4*t - 4*m + 5 - 321, 146 = 2*t - 5*m. Suppose 6*i = -5*l + 10*i + 65, -3*l = -2*i - 41. What is the remainder when t is divided by l?
15
Let n(c) = 2*c**2 - 12*c + 18. Calculate the remainder when n(8) is divided by 18.
14
Let x = 38 - -21. Calculate the remainder when x is divided by 15.
14
Let w be 0 + -1 + (-6)/(-2). Suppose w*l + 217 = 4*s + 45, -33 = -s + 3*l. What is the remainder when s is divided by 16?
13
Let a = -105 - -133. Calculate the remainder when 55 is divided by a.
27
Let r(k) = -k - 4. Let t be r(-6). Calculate the remainder when (40/12)/(t/12) is divided by (14/(-4))/(1/(-2)).
6
Suppose -5 = -5*c + 5. Suppose 0 = -3*r + 3*l + c*l + 227, 0 = -r - 4*l + 70. Calculate the remainder when r is divided by 38.
36
Suppose 0 = 3*p - 2*z - 12 - 1, 3*z + 15 = 3*p. Suppose -4*i + i + 6 = -3*q, 3*i - 12 = 0. What is the remainder when 10 + (-1)/q*2 is divided by p?
0
Suppose l - 16 = -l. Let n(z) = -1 + 5 + 0*z**2 + z**2 - 5*z - 5. What is the remainder when n(7) is divided by l?
5
Suppose 2*h - 3 = 1. Suppose 2*y - 53 = -3. Calculate the remainder when y is divided by 12 - (h - 4/1).
11
Suppose -3*d + 2*d + 31 = 5*p, 2*d - 5*p - 32 = 0. Let a = 18 - 10. Calculate the remainder when d is divided by a.
5
Let i = 9 + 20. Let n = i - 14. What is the remainder when 58 is divided by n?
13
Suppose -7 = -0*f - f. What is the remainder when f is divided by 20/(-290) + 180/87?
1
Let t(g) = g**3 + 6*g**2 - 2*g. Suppose 11 = a - 4*n + 7*n, 3*n = 2*a - 4. Calculate the remainder when t(-6) is divided by a.
2
What is the remainder when 213 is divided by 6/30*5*43?
41
Suppose -3*i - 117 = -d - 40, -2*d = -5*i - 149. Let l = -34 + d. What is the remainder when l is divided by 10?
8
Let p(z) = 4*z**2 - 3*z**2 + 0*z + z. Let i be p(-2). Suppose 0 = 3*y - 14 + i. What is the remainder when 10 is divided by y?
2
Suppose t - 4*u - u - 8 = 0, 10 = 2*u. What is the remainder when t is divided by 17?
16
Let c = 27 + -20. Calculate the remainder when c is divided by 4.
3
Let y be (22/4)/((-5)/(-50)). Let g = y + -17. What is the remainder when g is divided by 13?
12
Let b(n) = -5*n - 15. What is the remainder when 28 is divided by b(-6)?
13
Suppose q = 2, -2*v + v + 36 = 2*q. Calculate the remainder when 125 is divided by v.
29
Let b(i) = -3*i**2 - 3*i - 3. Let d be b(-2). Let m = d - -19. Calculate the remainder when 39 is divided by m.
9
Suppose 2*d = 46 + 22. Suppose p = -2*p - 15. Let f = p - -17. Calculate the remainder when d is divided by f.
10
Let r be -2 + 19/(1 + 0). Suppose -r - 3 = -2*y. What is the remainder when 28 is divided by y?
8
Suppose -4*a + 20 = a. Calculate the remainder when 137 is divided by a/(-8) + (-71)/(-2).
32
Let j(t) = 16*t - 1. Let i(q) = q + 4. What is the remainder when j(1) is divided by i(0)?
3
Let q = 9 - 19. Let g(d) = 7*d - 6. What is the remainder when g(7) is divided by 4/q + (-154)/(-10)?
13
Suppose -3*y + 5*a = -172, -5*a + 110 = 4*y - 61. Suppose -b + k + 26 = -2*k, k = 4*b - 71. Calculate the remainder when y is divided by b.
15
Let r(j) = j**2 + 3*j - 8. Let k be r(-6). Suppose 0 = -2*q + 3*q - k. 